ivided by 15.
12
Let x = 7 - 4. Suppose 14 = -x*c + 4*c. Calculate the remainder when 26 is divided by c.
12
Let c(w) = -w**2 + w + 5*w + 2*w - 4. Suppose -9 = -2*j + 1. Calculate the remainder when 32 is divided by c(j).
10
Let v(p) = 4*p - 4. Suppose 4*c = 4*u + 11 - 3, 0 = 5*u + 10. Suppose -2*m + i = -11, 5*i = m - c*m - 28. Calculate the remainder when v(3) is divided by m.
2
Let p(l) = l**3 + 10*l**2 - 10*l + 9. Let w be p(-11). What is the remainder when 40 is divided by 330/20*w/(-3)?
7
Let f(c) = -c - 8. Let u be f(0). Let w(o) = -2*o + 2. What is the remainder when w(-5) is divided by 19/3 + u/(-12)?
5
Let i(z) = -z**3 + 6*z**2 + 3. Let l be i(6). Suppose 2*q - 176 = -q + 5*b, q - 54 = -l*b. Calculate the remainder when q is divided by 15.
12
Let p = -151 - -211. Calculate the remainder when p is divided by 16.
12
Let q(t) = 2*t - 7. Let o(c) = 4*c + 1. Let u(l) = -l**2 - 6*l + 6. Let d be u(-6). Calculate the remainder when o(d) is divided by q(10).
12
Let a = 7 + 0. Calculate the remainder when a is divided by 3.
1
Let t be (21/(-49))/(1/(-7)). Suppose -8 - 76 = -t*l. Calculate the remainder when l is divided by 15.
13
Let x = -13 + 26. Suppose x + 1 = t. Suppose 3*o + t - 44 = 0. Calculate the remainder when 28 is divided by o.
8
Let c = -31 - -57. Let z be c/22 + (-2)/11. What is the remainder when (0 + -2)*-13*z is divided by 9?
8
Suppose 19*v = 17*v + 28. Let l = v - 9. Calculate the remainder when 8 is divided by l.
3
Suppose z - 62 = -48. Calculate the remainder when 24 is divided by z.
10
Let k(q) = 2*q**3 - 28*q**2 + 9*q - 24. What is the remainder when k(14) is divided by 21?
18
Let f be 12 - (5 + -3 - 1). Let t = 7 + f. Calculate the remainder when t is divided by 10.
8
Let n be (-5)/(-35) + (-34)/(-7). What is the remainder when 530/n*2/4 is divided by 18?
17
Let v(b) = -3*b + 13. Calculate the remainder when 74 is divided by v(-4).
24
Suppose 4*y = -5*v + 519, 0 = -4*y - 0*v - v + 523. Suppose -2*i + 2*c + 60 = 0, c + c = 3*i - 93. Calculate the remainder when y is divided by i.
32
Suppose 3*h - 42 = -0*h. Suppose -h - 5 = -z - 3*q, 2*z - 5*q - 27 = 0. What is the remainder when z is divided by 6?
4
Let f(z) = -z**3 + 6*z**2 + 2*z + 1. Calculate the remainder when 25 is divided by f(6).
12
What is the remainder when 67 is divided by 3*2/(-2) - -17?
11
Suppose a + 4*k - 17 = -0*k, 2*k - 4 = 0. Calculate the remainder when a is divided by 3.
0
Suppose 1 = s - 4. Suppose 0 = s*m, 0*y + 130 = 5*y + 5*m. Let n(k) = 7*k + 2. What is the remainder when y is divided by n(1)?
8
Let i(z) = 3*z**2 + 2*z + 9. Calculate the remainder when i(-7) is divided by 18.
16
Let m(n) = n**3 + n**2 - 4*n + 1. Let g be m(4). Suppose -4*t - t + g = 0. What is the remainder when 23 is divided by t?
10
Let d(l) = 18*l - 2. What is the remainder when 62 is divided by d(1)?
14
Let x(s) = 2*s - 17. Let l(a) be the third derivative of -a**6/60 + a**4/24 + a**3/6 - 2*a**2. Calculate the remainder when l(-1) is divided by x(9).
0
Let n(s) = -s**2 - 3*s + 2. Let k be n(-4). What is the remainder when k/(-1 - (-51)/54) is divided by 13?
10
Let z(h) = -3*h - 4. Let u be z(-4). Suppose 10 = 2*t - u. Calculate the remainder when t is divided by 3.
0
Let x(h) = 1 + 2 + 6*h - 8 - 8. What is the remainder when x(7) is divided by 16?
13
Let m = -219 - -38. Let u = 113 + m. Let q = 104 + u. Calculate the remainder when q is divided by 19.
17
Let w(y) be the second derivative of -1/3*y**3 + 2*y - 3/2*y**2 + 0. Calculate the remainder when 24 is divided by w(-8).
11
Let a(o) = -o + 3. Let b be a(0). Let n be (3 - b) + 2*18. Suppose -3*z + n = 3*d - 33, d - 75 = -3*z. Calculate the remainder when z is divided by 14.
12
Let u = 0 - -1. Let n = u + 6. What is the remainder when 12 is divided by n?
5
Suppose -20 = -2*n + n. What is the remainder when 38 is divided by n?
18
Suppose -64 = 7*q - 3*q. Let k = 22 + q. Calculate the remainder when 11 is divided by k.
5
Let p(x) = -7*x + 7. Let r be p(6). Let s = r + 86. What is the remainder when s is divided by 13?
12
Let l = 43 + -25. What is the remainder when 35 is divided by l?
17
Suppose 2*p + 0 = -10. Let a(b) = b**2 - 6*b + 13. Let v(s) = -s**2 + 7*s - 14. Let y(w) = 7*a(w) + 6*v(w). What is the remainder when y(p) is divided by 11?
10
Suppose -4*b - 60 = -204. Calculate the remainder when b is divided by 12 + -2 + 1 + 2.
10
Let q(x) = x + 2. Let k be q(7). Let v be 6 - 7 - (1 - 27). Let z = v - k. What is the remainder when 31 is divided by z?
15
Let w = -2 + 27. Calculate the remainder when 98 is divided by w.
23
Let n(c) = 9*c. Calculate the remainder when 26 is divided by n(1).
8
Let i = -4 + 4. Suppose c = -g + 2*c + 10, -2*g + 3*c + 24 = i. What is the remainder when 11 is divided by g?
5
Let i(b) = b**3 - 9*b**2 + 4*b + 8. Calculate the remainder when i(9) is divided by 15.
14
Suppose 2*d - 278 = -2*c, -4*d - 695 = -9*d - 3*c. Calculate the remainder when d is divided by 28.
27
Suppose -4*c - 82 = -i - 4*i, -3*i + 48 = -2*c. Let y = 26 - 18. What is the remainder when i is divided by y?
6
Let n(x) = -x**2 + 7*x - 7. Let v be n(5). Suppose -19 = -2*u - v*u + 2*g, -4*u + 10 = g. Calculate the remainder when 8 is divided by u.
2
Suppose 2*d - 2*i - 16 = -0, -d = 2*i - 23. Suppose -3*k = 3, 3*z - 2*k = -0*k + 74. What is the remainder when z is divided by d?
11
Let z be 2/(-3 + 28/8). Suppose -z*g = -139 - 61. Calculate the remainder when g is divided by 13.
11
Suppose 175 = 5*h + t, 5*h - 3*t - 47 - 148 = 0. What is the remainder when 105 is divided by h?
33
Let b(a) = -2*a + 3. Let q = 4 - 7. Suppose -2*s - 8 = 0, -2*r + 3*s + 8 = -36. Calculate the remainder when r is divided by b(q).
7
What is the remainder when 49 is divided by 17 + 2 - 12/3?
4
Suppose 5*x - 3*x = -96. What is the remainder when 11 is divided by (0 - 2) + x/(-6)?
5
Let v = 24 - 14. What is the remainder when v is divided by (6 + -1)*(-4)/(-5)?
2
Suppose 5*y - 40 = 5*u, -17 = -4*y - 1. Let c(z) = z**3 + 6*z**2 + 5*z + 4. Let o = -28 - -34. Calculate the remainder when c(u) is divided by o.
4
Let w be ((-1)/(-2))/(2/12). Suppose 0 = -w*y - 2*y + 55. What is the remainder when 42 is divided by y?
9
Suppose j + 3*j - 448 = 0. Let x = j - 62. Calculate the remainder when x is divided by 26.
24
Let f(h) = -h + 7. Let l be f(-8). Suppose -27 = -4*s + 5*z, -l = -2*s + 4*z - z. Calculate the remainder when 9 is divided by s.
0
Suppose -2*p - p = -117. What is the remainder when p is divided by 21?
18
Suppose 33 + 5 = 2*y. Calculate the remainder when 69 is divided by y.
12
Suppose 3*c + 0*y = 5*y + 22, -3*c + 16 = -2*y. Calculate the remainder when c is divided by (-3)/5 - 13/(-5).
0
Suppose 49 = -5*y - 2*i, -5*y + 5*i - 26 = -y. Let x(v) = v**3 + 9*v**2 + v + 16. Calculate the remainder when x(y) is divided by 2.
1
Let q(d) = d - 10. What is the remainder when 18 is divided by q(17)?
4
Suppose 2*k = 4 + 14. What is the remainder when 43 is divided by k?
7
Let p = 26 - 17. Let h = 7 + 9. What is the remainder when h is divided by p?
7
Let m(c) = -10*c. Suppose f + 2*f = -3. What is the remainder when m(f) is divided by 4?
2
Suppose -2*z - 2*z + 528 = 0. Suppose -4*u - x + z = -0*x, 108 = 3*u + 3*x. Calculate the remainder when u is divided by 11.
10
Suppose -5*m + 3*u = -15, -3*u = 4*m - 27 - 12. Let h(a) = -a**2 - 5*a - 4. Let s be h(-3). Suppose s*y - 12 = 10. What is the remainder when y is divided by m?
5
Let x = -16 + 26. What is the remainder when 27 is divided by x?
7
Suppose 4*p - 35 = -3*z + 28, 4*p = 2*z - 62. What is the remainder when z is divided by 3?
1
Let g be (-185)/(-20) - (-1)/(-4). Let x = g + -5. Suppose -s + 10 = -3*n, 3*n + 70 = x*s + 6*n. What is the remainder when 31 is divided by s?
15
Suppose -12 = -3*q - 0. Suppose d = -q*d + 50. Calculate the remainder when (-4 - -23)*(-2)/(-2) is divided by d.
9
Let q(a) = -a**2 - 11*a + 7. Calculate the remainder when q(-11) is divided by 4.
3
Let s(f) = -f**3 + 1 + 0 + 5*f**2 - 8*f + 3*f. Let j be s(4). Let i = 1 - j. What is the remainder when i is divided by 2?
0
Let w(o) be the second derivative of 0 - 7/6*o**3 + 2*o**2 - 1/12*o**4 + o. What is the remainder when 29 is divided by w(-6)?
9
Let i = -2 + 7. Let l = 11 + -20. Let z = 17 + l. What is the remainder when z is divided b